mon factor of 2035 and 495.
55
Calculate the highest common factor of 36081 and 422.
211
What is the greatest common factor of 703 and 38?
19
What is the greatest common divisor of 126 and 23373?
63
Calculate the greatest common divisor of 2 and 796.
2
What is the highest common divisor of 784 and 280?
56
Calculate the greatest common divisor of 184 and 23.
23
What is the highest common divisor of 4224 and 66?
66
What is the greatest common divisor of 196 and 1666?
98
What is the highest common factor of 1440 and 9240?
120
What is the highest common factor of 2574 and 22?
22
What is the greatest common divisor of 1863 and 368?
23
Calculate the highest common factor of 21 and 77.
7
Calculate the highest common divisor of 17199 and 39.
39
Calculate the highest common factor of 437 and 19.
19
What is the greatest common divisor of 3774 and 2664?
222
Calculate the greatest common divisor of 196 and 56.
28
Calculate the highest common factor of 31 and 62.
31
Calculate the highest common divisor of 60 and 48.
12
What is the greatest common factor of 336 and 5232?
48
Calculate the highest common divisor of 36 and 20.
4
Calculate the highest common divisor of 141 and 611.
47
Calculate the highest common factor of 931 and 245.
49
What is the highest common divisor of 220 and 40?
20
What is the highest common factor of 360 and 100?
20
What is the greatest common factor of 6 and 26?
2
Calculate the highest common factor of 108 and 5211.
27
What is the greatest common divisor of 5375 and 125?
125
Calculate the greatest common divisor of 2646 and 54.
54
Calculate the greatest common factor of 39287 and 51.
17
What is the greatest common factor of 12 and 174?
6
Calculate the highest common divisor of 832 and 256.
64
What is the greatest common divisor of 2136 and 984?
24
What is the highest common divisor of 128 and 12?
4
Calculate the highest common divisor of 5069 and 37.
37
Calculate the highest common divisor of 11 and 121.
11
What is the highest common divisor of 7 and 257?
1
What is the greatest common divisor of 162 and 12?
6
Calculate the greatest common factor of 64 and 28.
4
Calculate the greatest common factor of 741 and 1824.
57
Calculate the greatest common factor of 1378 and 52.
26
Calculate the greatest common factor of 1232 and 1386.
154
What is the highest common factor of 21236 and 8?
4
What is the greatest common divisor of 1859 and 22?
11
Calculate the greatest common factor of 12 and 15.
3
What is the greatest common divisor of 126 and 24?
6
Calculate the greatest common factor of 180 and 120.
60
Calculate the greatest common divisor of 374 and 68.
34
Calculate the highest common factor of 940 and 10.
10
What is the greatest common factor of 66 and 374?
22
Calculate the highest common factor of 1184 and 111.
37
Calculate the greatest common factor of 469 and 7.
7
Calculate the highest common divisor of 352 and 11.
11
What is the highest common factor of 72 and 36?
36
Calculate the greatest common factor of 944 and 64.
16
What is the greatest common factor of 20 and 2660?
20
Calculate the greatest common factor of 20 and 16.
4
Calculate the greatest common divisor of 16150 and 114.
38
What is the greatest common factor of 192 and 64?
64
Calculate the greatest common factor of 560 and 7385.
35
What is the highest common divisor of 3876 and 12?
12
Calculate the greatest common divisor of 1612 and 124.
124
What is the highest common factor of 748 and 1188?
44
What is the highest common divisor of 260 and 1196?
52
What is the greatest common divisor of 130 and 91?
13
Calculate the highest common divisor of 41 and 25133.
41
What is the greatest common factor of 119 and 224?
7
What is the greatest common factor of 1463 and 11?
11
What is the greatest common divisor of 38 and 209?
19
Calculate the highest common divisor of 2449 and 155.
31
Calculate the highest common divisor of 36 and 3618.
18
What is the greatest common divisor of 301 and 387?
43
What is the highest common factor of 30 and 115?
5
Calculate the greatest common factor of 17 and 2.
1
What is the highest common divisor of 72 and 120?
24
Calculate the highest common factor of 760 and 320.
40
What is the highest common factor of 180 and 9580?
20
What is the greatest common factor of 288 and 504?
72
What is the greatest common divisor of 768 and 474?
6
What is the highest common divisor of 120 and 160?
40
Calculate the highest common divisor of 120 and 3480.
120
Calculate the greatest common divisor of 81 and 34.
1
What is the highest common factor of 63 and 147?
21
Calculate the greatest common divisor of 53 and 51781.
53
What is the greatest common divisor of 10005 and 230?
115
What is the highest common divisor of 9360 and 640?
80
What is the greatest common factor of 228 and 12?
12
Calculate the highest common factor of 747 and 63.
9
Calculate the greatest common factor of 2904 and 12.
12
What is the highest common divisor of 480 and 2016?
96
What is the greatest common divisor of 2748 and 12?
12
What is the highest common divisor of 34 and 3825?
17
What is the highest common factor of 234 and 198?
18
What is the highest common divisor of 740 and 40?
20
What is the highest common factor of 1408 and 11?
11
Calculate the greatest common factor of 68 and 221.
17
What is the greatest common divisor of 7 and 1673?
7
What is the highest common divisor of 1440 and 648?
72
What is the highest common divisor of 30 and 890?
10
Calculate the greatest common divisor of 12 and 972.
12
What is the greatest common factor of 1365 and 234?
39
Calculate the highest common divisor of 2548 and 156.
52
Calculate the greatest common factor of 3632 and 16.
16
Calculate the greatest common factor of 190 and 310.
10
What is the greatest common divisor of 204 and 34?
34
What is the highest common divisor of 260 and 1060?
20
What is the highest common divisor of 806 and 62?
62
Calculate the greatest common divisor of 385 and 33.
11
What is the highest common factor of 315 and 405?
45
Calculate the greatest common factor of 968 and 44.
44
Calculate the highest common factor of 300 and 2076.
12
Calculate the greatest common factor of 90 and 1710.
90
Calculate the highest common divisor of 2232 and 651.
93
What is the greatest common factor of 442 and 85?
17
Calculate the highest common divisor of 30 and 351.
3
What is the highest common factor of 8213 and 172?
43
What is the highest common divisor of 104 and 1300?
52
What is the highest common divisor of 10 and 19990?
10
Calculate the greatest common factor of 1133 and 22.
11
Calculate the greatest common factor of 759 and 115.
23
Calculate the highest common factor of 72 and 180.
36
What is the greatest common factor of 8927 and 158?
79
What is the greatest common factor of 66 and 96?
6
What is the greatest common divisor of 221 and 17?
17
What is the greatest common factor of 18 and 216?
18
What is the highest common factor of 6 and 17?
1
Calculate the greatest common divisor of 240 and 300.
60
Calculate the greatest common factor of 285 and 1235.
95
Calculate the greatest common factor of 12 and 948.
12
What is the greatest common factor of 275 and 10?
5
Calculate the greatest common factor of 3464 and 40.
8
Calculate the greatest common divisor of 96 and 48.
48
Calculate the highest common divisor of 742 and 28.
14
Calculate the highest common divisor of 34 and 166.
2
What is the greatest common factor of 54 and 135?
27
Calculate the highest common divisor of 2 and 8.
2
Calculate the greatest common divisor of 3024 and 14.
14
What is the highest common factor of 12751 and 311?
311
What is the highest common factor of 1672 and 152?
152
What is the greatest common factor of 1986 and 6?
6
Calculate the greatest common factor of 156408 and 133.
133
Calculate the highest common divisor of 1320 and 1155.
165
Calculate the highest common divisor of 90 and 22545.
45
What is the greatest common divisor of 11 and 2?
1
What is the greatest common divisor of 87 and 928?
29
Calculate the highest common divisor of 112 and 5216.
16
What is the greatest common divisor of 12112 and 16?
16
Calculate the highest common factor of 36 and 252.
36
Calculate the highest common divisor of 145 and 245.
5
What is the greatest common divisor of 34 and 1581?
17
What is the gre